nd 194450?
50
What is the highest common divisor of 2157132 and 402?
402
What is the greatest common factor of 2896 and 304?
16
What is the greatest common divisor of 39312 and 25452?
252
Calculate the highest common factor of 810 and 169380.
90
Calculate the greatest common divisor of 2328 and 188.
4
Calculate the greatest common divisor of 671639 and 107.
107
Calculate the greatest common factor of 1470 and 69990.
30
Calculate the greatest common divisor of 291 and 3727.
1
Calculate the highest common divisor of 1224 and 648.
72
Calculate the greatest common divisor of 189304 and 168.
8
What is the greatest common divisor of 40161 and 7359?
33
Calculate the highest common divisor of 408 and 32634.
6
Calculate the highest common factor of 74144 and 24.
8
Calculate the greatest common divisor of 834513 and 102.
51
What is the highest common divisor of 102 and 196758?
102
Calculate the highest common factor of 52823 and 22826.
101
Calculate the greatest common divisor of 220 and 889625.
55
What is the highest common factor of 130 and 16421860?
130
Calculate the greatest common divisor of 1547 and 728.
91
Calculate the highest common factor of 9412 and 572.
52
What is the highest common divisor of 320 and 3160?
40
What is the highest common divisor of 145236 and 171?
57
Calculate the highest common factor of 3960 and 588.
12
Calculate the highest common divisor of 36 and 114507.
9
What is the highest common divisor of 1905 and 288417?
381
What is the greatest common divisor of 151 and 19?
1
What is the highest common factor of 5736 and 445974?
1434
Calculate the highest common factor of 1152 and 5886.
18
Calculate the greatest common divisor of 16 and 2253872.
16
Calculate the greatest common divisor of 290800 and 1200.
400
What is the highest common factor of 3120 and 310752?
624
What is the highest common divisor of 63 and 2129358?
21
Calculate the highest common factor of 14204 and 1072.
268
Calculate the greatest common factor of 892598 and 412.
206
What is the greatest common divisor of 564 and 1118553?
141
Calculate the greatest common factor of 83 and 9160959.
83
Calculate the highest common divisor of 143 and 319033.
143
What is the highest common divisor of 196 and 46340?
28
Calculate the greatest common factor of 24264 and 608.
8
What is the greatest common divisor of 1808079 and 63?
21
Calculate the highest common factor of 59137 and 13.
13
Calculate the greatest common divisor of 80184 and 3120.
312
Calculate the greatest common divisor of 135298 and 854.
122
What is the highest common factor of 620 and 2015?
155
Calculate the greatest common factor of 2457 and 1647.
27
What is the greatest common divisor of 25011 and 135?
9
Calculate the greatest common divisor of 12 and 9704244.
12
What is the greatest common factor of 16248 and 2040?
24
What is the highest common divisor of 2646 and 3843?
63
Calculate the highest common factor of 29765 and 5.
5
What is the greatest common factor of 63651 and 336?
21
Calculate the greatest common divisor of 10175 and 400.
25
What is the greatest common factor of 21857 and 11?
11
What is the highest common divisor of 4350 and 546534?
174
Calculate the highest common factor of 2034 and 55422.
18
What is the greatest common factor of 874 and 2162?
46
What is the highest common divisor of 1925 and 31185?
385
What is the highest common factor of 32220 and 27?
9
What is the greatest common factor of 8 and 397352?
8
Calculate the highest common divisor of 1491 and 3765769.
497
Calculate the highest common divisor of 3208 and 109874.
802
What is the greatest common divisor of 3048 and 696?
24
Calculate the greatest common factor of 530654 and 142.
142
What is the highest common factor of 1307352 and 3?
3
What is the highest common factor of 10498 and 522?
58
What is the greatest common factor of 750404 and 116?
116
What is the highest common factor of 192 and 371808?
96
Calculate the highest common factor of 9 and 745470.
9
What is the greatest common factor of 207 and 6234633?
207
What is the highest common divisor of 69342 and 13?
13
Calculate the highest common divisor of 4368825 and 180.
45
Calculate the greatest common factor of 39 and 16341.
39
What is the greatest common factor of 99 and 573771?
33
What is the highest common factor of 20 and 533530?
10
What is the highest common factor of 170496 and 5661?
333
Calculate the highest common divisor of 13057 and 44.
11
What is the greatest common divisor of 21 and 81151?
7
Calculate the greatest common factor of 4347 and 441.
63
What is the greatest common divisor of 2044 and 1267791?
511
What is the greatest common factor of 2402586 and 1143?
1143
What is the greatest common divisor of 18113 and 37761?
307
What is the greatest common divisor of 490 and 700?
70
What is the highest common factor of 11520 and 38880?
1440
What is the greatest common divisor of 284048 and 4?
4
What is the highest common factor of 841372 and 199?
199
What is the greatest common divisor of 666 and 31043?
37
Calculate the greatest common divisor of 7839 and 21306.
201
Calculate the greatest common factor of 130797 and 27.
9
Calculate the greatest common divisor of 173765 and 101237.
1511
Calculate the highest common divisor of 64 and 88736.
32
What is the greatest common divisor of 3232 and 1096?
8
What is the greatest common factor of 69377 and 45458?
119
What is the greatest common factor of 10000 and 1600?
400
Calculate the highest common divisor of 352 and 1376.
32
Calculate the highest common factor of 204 and 3084.
12
Calculate the highest common divisor of 133623 and 6615.
1323
Calculate the greatest common divisor of 81 and 21231.
9
Calculate the greatest common factor of 288120 and 56.
56
What is the greatest common divisor of 7 and 13359?
1
Calculate the greatest common factor of 1391 and 24717.
107
What is the greatest common divisor of 326 and 13372?
2
Calculate the greatest common factor of 3164 and 119.
7
What is the greatest common factor of 1080240 and 35?
35
Calculate the highest common factor of 1888 and 9558.
118
What is the highest common divisor of 2385 and 90?
45
What is the highest common divisor of 32562 and 15?
3
What is the greatest common divisor of 4715 and 3280?
205
What is the greatest common divisor of 25204 and 308?
4
What is the highest common divisor of 28 and 322?
14
Calculate the highest common factor of 23 and 1018946.
23
What is the highest common factor of 80 and 261640?
40
What is the greatest common factor of 323 and 1751?
17
Calculate the highest common divisor of 97775 and 15.
5
What is the greatest common factor of 144 and 3008?
16
What is the greatest common factor of 18734 and 812?
58
Calculate the greatest common divisor of 4223 and 29479.
41
Calculate the highest common divisor of 405 and 1935.
45
What is the highest common factor of 141 and 459237?
141
What is the greatest common divisor of 3939 and 16059?
303
What is the highest common factor of 9916 and 3848?
148
What is the greatest common factor of 23205 and 40?
5
What is the highest common divisor of 460 and 75532?
92
What is the greatest common factor of 136 and 488?
8
Calculate the greatest common factor of 71017 and 235.
47
Calculate the highest common factor of 668 and 31897.
167
What is the greatest common divisor of 466145 and 30?
5
What is the greatest common divisor of 6355 and 8610?
205
What is the greatest common divisor of 49365 and 5055?
15
Calculate the highest common divisor of 1116 and 4572.
36
What is the greatest common factor of 556200 and 100?
100
What is the greatest common factor of 42 and 35850?
6
Calculate the highest common factor of 228 and 4796588.
76
What is the highest common factor of 4627 and 343?
7
What is the greatest common factor of 4100 and 1400?
100
Calculate the highest common factor of 31554 and 252.
18
What is the highest common factor of 66094 and 28?
14
What is the highest common factor of 170 and 122995?
85
What is the greatest common divisor of 17668 and 2198?
14
What is the highest common factor of 482 and 5677719?
241
Calculate the highest common factor of 658 and 29540.
14
What is the greatest common divisor of 24387 and 891?
33
Calculate the highest common factor of 2132 and 7033.
13
What is the highest common divisor of 1